e b(1).
40
Let x(a) = 14*a + 9. Calculate x(-2).
-19
Let d(b) = -b**3 + 8*b**2 - 9*b + 8. Determine d(6).
26
Let m(h) = h**3 - 12*h**2 + 23*h. Determine m(9).
-36
Let o(r) = -32*r + 9. Calculate o(-3).
105
Let b(q) = -2*q**2 - 105*q + 21. Determine b(-53).
-32
Let q(g) = -g**3 + 6*g**2 + 3*g - 8. Give q(6).
10
Let j(d) = -15*d + 7. Determine j(-4).
67
Let f(g) = -g**3 - 4*g**2 + 15*g + 27. Calculate f(-5).
-23
Let b(p) = -p**3 + 32*p**2 - 55*p - 149. What is b(30)?
1
Let i(l) = -l**3 - l**2 - 3*l - 3. Give i(-3).
24
Let r(z) = 12*z**3 - 2*z**2 - z + 2. Determine r(1).
11
Let x(o) = o**3 + 4*o**2 + 21*o + 94. Calculate x(-4).
10
Let j(z) = z**3 - 10*z**2 + 1. Calculate j(10).
1
Let m(x) = 3*x**2 + 75*x + 7. Give m(-25).
7
Let p(u) = -2*u**2 - 9*u - 20. Give p(-2).
-10
Let g(h) = h**3 + 11*h**2 + h + 8. Determine g(-11).
-3
Let q(u) = -7*u**2 - 91*u - 7. Give q(-13).
-7
Let u(n) = -6*n + 19. Determine u(4).
-5
Let q(v) = 9*v**2 + 7*v - 2. What is q(2)?
48
Let d(i) = -14*i**2 + 25*i - 1. Give d(2).
-7
Let o(k) = -45*k**2 + k + 1. Calculate o(-1).
-45
Let l(v) = 4*v**3 + 4*v**2 + v - 2. Give l(-2).
-20
Let c(k) = -2*k - 75. Calculate c(-32).
-11
Let j(g) = 2*g**2 - 9*g - 10. What is j(8)?
46
Let d(w) = w**3 + 4*w**2 - 3*w + 5. What is d(-4)?
17
Let g(y) = y**3 + 15*y**2 + 20*y + 25. Give g(-13).
103
Let s(i) = -i - 9. Determine s(0).
-9
Let x(f) = -22*f - 33. Calculate x(-2).
11
Let q(x) = -55*x - 4. Determine q(1).
-59
Let p(m) = -m**2 - 8. Give p(8).
-72
Let x(j) = -j**2 + 8*j - 10. Determine x(1).
-3
Let n(k) = 11*k - 165. Give n(16).
11
Let n(o) = 175*o + 3. What is n(1)?
178
Let f(x) = x + 2. Give f(-14).
-12
Let v(b) = b - 80. Give v(0).
-80
Let h(s) = 8*s + 57. Determine h(-8).
-7
Let t(o) = o**3 - 4*o**2 - o - 7. Calculate t(4).
-11
Let u(q) = -2*q**3 + 18*q**2 + 13*q + 14. Determine u(10).
-56
Let y(f) = -14*f - 44. Give y(-3).
-2
Let y(d) = 2*d**2 - 15*d + 2. Give y(10).
52
Let n(i) = i**3 - 4*i**2 - 25*i + 22. Determine n(7).
-6
Let k(m) = -14*m + 117. Give k(8).
5
Let u(z) = z**3 - 9*z**2 + 4*z - 43. Give u(9).
-7
Let c(i) = -2*i - 1. What is c(-2)?
3
Let x(o) = -o - 83. What is x(-17)?
-66
Let f(q) = -q**3 + 6*q**2 - 2*q - 6. Calculate f(4).
18
Let v(i) = 19*i**2 + i - 2. Determine v(-2).
72
Let l(v) = -5*v + 9. Calculate l(2).
-1
Let x(g) = -g**2 - 3*g + 6. What is x(-8)?
-34
Let n(r) = 13*r + 10. Determine n(-4).
-42
Let t(c) = c**2 - 10*c - 77. Give t(-6).
19
Let w(l) = -2*l**2 - l - 5. Determine w(0).
-5
Let b(t) = t**2 + 5*t - 10. What is b(-7)?
4
Let k(q) = -28*q - 342. Determine k(-12).
-6
Let y(i) = -i + 23. Give y(-19).
42
Let f(r) = r**3 + 21*r**2 + 20*r + 9. What is f(-20)?
9
Let s(x) = x**3 + 4*x**2 - x + 19. What is s(-5)?
-1
Let s(x) = -x**3 + 1. Determine s(-2).
9
Let t(i) = -i**2 - 21*i - 17. Calculate t(-20).
3
Let f(o) = -o**2 - 2. Determine f(0).
-2
Let y(f) = -13*f + 198. Determine y(15).
3
Let i(v) = -v**2 + 3*v + 1. Give i(-1).
-3
Let d(m) = -26*m - 203. Calculate d(-8).
5
Let s(t) = -3*t**2 + 4*t + 1. Calculate s(2).
-3
Let g(c) = 4*c - 10. Determine g(7).
18
Let c(r) = r**3 + 11*r**2 + 32*r + 14. Calculate c(-7).
-14
Let s(m) = -4*m + 4. What is s(1)?
0
Let l(u) = -3*u**2 + 39*u + 18. Calculate l(13).
18
Let l(h) = -2*h**2 + 2*h + 4. What is l(5)?
-36
Let z(p) = p**3 + 7*p**2 - 10*p - 6. Give z(-8).
10
Let x(g) = g**3 + 3*g**2 + 3*g + 19. Give x(-4).
-9
Let n(y) = 3*y**2 + 38*y - 13. What is n(-17)?
208
Let d(o) = -4*o**3 - 4*o**2 - 14*o - 1. Determine d(-2).
43
Let c(t) = -t**3 + 7*t**2 + 7*t + 5. Determine c(7).
54
Let m(v) = -3*v + 11. Determine m(-12).
47
Let q(n) = n**3 + 19*n**2 + 42*n + 123. Determine q(-17).
-13
Let n(p) = 7*p - 12. Give n(-6).
-54
Let s(k) = 3*k**3 + 23*k**2 - 6*k + 11. Calculate s(-8).
-5
Let g(q) = -q**2 + q + 43. What is g(-5)?
13
Let q(r) = -2*r - 4. Calculate q(-1).
-2
Let u(s) = -s**3 + 5*s**2 + 4*s - 2. Calculate u(4).
30
Let o(a) = -a**3 + 13*a**2 - 9*a - 32. Calculate o(12).
4
Let h(c) = -c**3 + 9*c**2 - 2*c + 4. Calculate h(9).
-14
Let v(c) = 6*c - 142. Determine v(25).
8
Let v(h) = 2*h**3 + 16*h**2 + 18*h + 14. What is v(-7)?
-14
Let y(b) = 2*b**3 + 50*b**2 + 2*b + 52. What is y(-25)?
2
Let z(d) = -d**2 + 16*d - 23. Determine z(14).
5
Let h(j) = 2*j + 28. Give h(-12).
4
Let v(x) = -x**3 + 15*x**2 - 11*x - 44. Calculate v(14).
-2
Let u(c) = 43*c - 463. Calculate u(11).
10
Let a(d) = 6*d - 24. What is a(12)?
48
Let q(a) = 8*a - 3. Determine q(8).
61
Let j(i) = -i**3 - 7*i**2 - 2*i - 7. What is j(-5)?
-47
Let l(v) = v**3 - 9*v**2 + 6*v + 8. Calculate l(8).
-8
Let l(z) = -z**3 + 31*z**2 - 53*z - 138. Give l(29).
7
Let l(w) = w**2 + 24*w - 2. Give l(-23).
-25
Let b(g) = -g**2 + 7*g + 9. What is b(8)?
1
Let f(w) = 3*w**3 - 2*w**2 - 6*w - 4. Calculate f(3).
41
Let u(k) = -3*k**2 - 25*k - 3. Calculate u(-8).
5
Let g(h) = h**2 + 8*h - 19. Give g(6).
65
Let m(a) = -a**3 + 7*a**2 + 29*a - 85. Give m(9).
14
Let w(v) = -v**3 + 4*v**2 + 5*v + 5. Calculate w(5).
5
Let a(l) = l**3 - 2*l - 7. Determine a(0).
-7
Let h(s) = 6*s**2 - 4*s - 3. Determine h(2).
13
Let t(s) = -s**3 - 8*s**2 - 19*s - 13. Give t(-4).
-1
Let w(u) = -12*u**2 - 5*u + 6. Give w(2).
-52
Let l(v) = 5*v + 75. Calculate l(-14).
5
Let g(l) = -l**2 - 7*l - 5. Determine g(-4).
7
Let v(d) = -8*d - 3. Determine v(3).
-27
Let v(x) = 82*x + 335. Calculate v(-4).
7
Let k(c) = 4*c**2 + 4*c - 4. Determine k(3).
44
Let z(m) = 15*m + 10. Determine z(-3).
-35
Let k(q) = -11*q - 3. Calculate k(-2).
19
Let o(r) = r + 2. Give o(13).
15
Let t(a) = -a**3 - 6*a**2 - 12*a - 9. Give t(-4).
7
Let v(j) = j + 12. Calculate v(-6).
6
Let u(b) = -b**3 + 4*b**2 + 5*b + 2. Give u(5).
2
Let c(l) = l**2 + 15*l - 17. Determine c(7).
137
Let x(j) = -6*j - 1. What is x(1)?
-7
Let d(l) = l**3 + 4*l**2 - 5*l + 5. Give d(-5).
5
Let m(p) = 6*p - 5. What is m(3)?
13
Let b(x) = x**3 - 22*x**2 - 23*x + 24. Give b(23).
24
Let c(d) = -d**3 - 10*d**2 + 16*d + 4. Calculate c(-11).
-51
Let g(i) = -2*i**2 - 16*i + 12. What is g(-8)?
12
Let n(p) = 5*p**3 - 39*p**2 + 26*p + 10. Calculate n(7).
-4
Let i(h) = 8*h**2 - 2*h + 8. What is i(2)?
36
Let z(d) = 2*d - 25. Determine z(9).
-7
Let k(r) = r**3 - 2*r**2 - 6*r + 10. Give k(4).
18
Let w(t) = t**2 + 4*t. Give w(-4).
0
Let r(h) = -h + 14. Determine r(-6).
20
Let t(z) = z**3 - 12*z**2 - 3*z + 30. Determine t(12).
-6
Let b(c) = 13*c - 1. Determine b(2).
25
Let v(l) = -5*l - 11. Calculate v(6).
-41
Let i(k) = -18*k - 117. Determine i(-6).
-9
Let k(d) = d**2 + 1. Determine k(4).
17
Let r(p) = 5*p - 196. What is r(41)?
9
Let i(n) = -2*n**2 + 12*n. Give i(7).
-14
Let g(y) = -y**2 - y - 2. What is g(5)?
-32
Let z(p) = 2*p + 22. What is z(-8)?
6
Let w(r) = -r**3 + 2*r**2 + 17*r - 52. Calculate w(4).
-16
Let u(g) = g**2 - 23*g + 121. Calculate u(11).
-11
Let x(t) = -t**3 + 3*t - 6. What is x(0)?
-6
Let y(c) = c**3 - 10*c**2 - 12*c - 1. Give y(11).
-12
Let m(a) = 4*a - 16. What is m(6)?
8
Let x(w) = -w - 1. Calculate x(-6).
5
Let z(u) = u**3 - 9*u**2 - 15*u + 46. Determine z(10).
-4
Let k(n) = n**2 - 3*n - 56. What is k(9)?
-2
Let q(s) = -s**2 + 7*s + 5. Give q(6).
11
Let v(h) = 2*h + 1. Give v(1).
3
Let g(a) = a**3 - 5*a**2 - 30*a + 138. Give g(5).
-12
Let r(q) = -q - 13. Determine r(-9).
-4
Let a(k) = 3*k**2 + k. What is a(-2)?
10
Let b(l) = -l**2 + 21*l - 46. Determine b(19).
-8
Let j(o) = o + 17. Calculate j(-6).
11
Let n(j) = -3*j + 6. Give n(6).
-12
Let g(i) = i**2 - 17*i - 75. Calculate g(23).
63
Let o(v) = 8*v - 1. Calculate o(7).
55
Let w(v) = 6*v + 7. Calculate w(-4).
-17
Let w(u) = -44*u**2 + u - 2. What is w(1)?
-45
Let v(w) = -10*w**2 - 2. Determine v(-1).
-12
Let w(k) = -9*k + 39. Give w(6).
-15
Let g(r) = -r**3 + 22*r**2 - 41*r + 17. Give g(20).
-3
Let j(r) = r**2 - 19*r + 15. What is j(17)?
-19
Let j(m) = -m**2 - 2*m - 37. What is j(0)?
-37
Let n(x) = 2*x**2 + 17*x + 9. Give n(-7).
-12
Let d(u) = -u**2 - 29*u + 58. What is d(-31)?
-4
Let r(m) = -m**3 - 10*m**2 - 2*m + 22. Give r(-10).
42
Let a(o) = 4*o + 1. What is a(4)?
17
Let j(r) = 3*r + 5. Determine j(-7).
-16
Let c(h) = 11*h - 17. Give c(5).
38
Let v(d) = 3*d**2 - 70*d + 15. Determine v(23).
-8
Let z(x) = x**2 - 10*x + 15. Determine z(5).
-10
Let s(p) = -p**3 + 12*p**2 - 18*p - 18. Calculate s(10).
2
Let d(a) = 17*a + 52. Give d(-3).
1
Let u(l) = l**3 - 4*l**